isor of 26 and 7487363.
13
Calculate the highest common factor of 58 and 104255.
29
Calculate the greatest common divisor of 11034 and 522.
18
What is the greatest common factor of 203 and 3290?
7
Calculate the greatest common divisor of 4914 and 226226.
182
Calculate the highest common divisor of 2790 and 48267.
279
Calculate the greatest common factor of 3661 and 458671.
523
What is the highest common divisor of 59288 and 8?
8
What is the highest common divisor of 700350 and 14?
14
Calculate the greatest common divisor of 38080 and 156.
4
Calculate the highest common factor of 561099 and 17697.
1041
Calculate the greatest common divisor of 19335 and 60.
15
Calculate the highest common factor of 110 and 19151.
11
Calculate the highest common divisor of 2422 and 840.
14
Calculate the greatest common divisor of 2930 and 251101.
293
What is the greatest common factor of 3190 and 26158?
638
Calculate the greatest common divisor of 2488 and 3208276.
1244
What is the greatest common factor of 29607 and 6603?
213
What is the greatest common factor of 10081 and 268629?
593
Calculate the greatest common divisor of 1253 and 170229.
179
Calculate the highest common divisor of 648020 and 390.
10
Calculate the highest common divisor of 930 and 265515.
465
Calculate the highest common divisor of 11 and 61127.
11
What is the highest common factor of 8019 and 2607?
33
Calculate the greatest common factor of 216 and 57264.
24
What is the greatest common divisor of 66330 and 55?
55
Calculate the highest common divisor of 22075 and 100.
25
What is the highest common divisor of 9672 and 1794?
78
Calculate the highest common factor of 417 and 10995873.
417
Calculate the highest common divisor of 1003014 and 1648.
206
What is the highest common factor of 124 and 5555200?
124
What is the highest common divisor of 11 and 75148?
1
Calculate the highest common divisor of 46 and 106996.
46
What is the greatest common factor of 357 and 555645?
51
What is the greatest common factor of 3851719 and 31?
31
Calculate the greatest common factor of 73528 and 56.
56
Calculate the greatest common divisor of 78 and 1501760.
26
Calculate the greatest common divisor of 6293 and 1519.
217
Calculate the highest common divisor of 700 and 2135.
35
What is the highest common divisor of 74760 and 2310?
210
Calculate the highest common divisor of 3066 and 602.
14
Calculate the greatest common divisor of 254680 and 24.
8
Calculate the greatest common factor of 23 and 11983.
23
Calculate the highest common factor of 4240 and 4510.
10
Calculate the highest common factor of 2479 and 333.
37
Calculate the greatest common factor of 84 and 163896.
12
Calculate the greatest common divisor of 45536 and 4.
4
What is the greatest common factor of 1175 and 47525?
25
Calculate the greatest common divisor of 672 and 489.
3
What is the greatest common factor of 41217 and 330?
33
What is the highest common divisor of 114 and 1128?
6
What is the highest common factor of 585 and 47775?
195
What is the greatest common factor of 3643002 and 594?
594
Calculate the greatest common divisor of 186 and 175026.
186
What is the greatest common divisor of 3 and 245859?
3
What is the greatest common factor of 6474 and 312?
78
Calculate the greatest common divisor of 3476015 and 1293.
431
What is the highest common factor of 14944 and 47634?
934
Calculate the greatest common factor of 12243 and 231.
231
What is the greatest common factor of 148 and 219262?
74
What is the greatest common divisor of 3304 and 126?
14
What is the greatest common divisor of 628 and 666151?
157
Calculate the highest common factor of 1540 and 32956.
308
Calculate the greatest common factor of 59130 and 90.
90
What is the greatest common divisor of 626 and 7817801?
313
Calculate the highest common divisor of 2338 and 602.
14
What is the greatest common factor of 13524 and 204036?
588
Calculate the greatest common divisor of 298 and 441934.
298
What is the highest common divisor of 44 and 2088?
4
What is the highest common factor of 642 and 98654?
214
Calculate the highest common factor of 1575 and 245.
35
Calculate the highest common factor of 4 and 6976068.
4
What is the greatest common divisor of 64 and 320828?
4
What is the highest common divisor of 9549 and 180?
9
What is the highest common factor of 6088 and 296?
8
Calculate the greatest common factor of 28 and 6797.
7
Calculate the highest common factor of 39997 and 323454.
1739
Calculate the greatest common divisor of 143095 and 215.
5
What is the highest common factor of 1335800 and 8?
8
What is the greatest common factor of 329277 and 624?
39
Calculate the greatest common factor of 6216 and 875.
7
What is the greatest common factor of 8127708 and 12?
12
What is the highest common factor of 11495 and 3667?
19
What is the greatest common divisor of 3070 and 13540?
10
What is the highest common factor of 10503 and 162?
27
What is the highest common factor of 136 and 21998?
34
Calculate the greatest common factor of 42826 and 14858.
874
What is the greatest common divisor of 176 and 357872?
16
Calculate the greatest common factor of 570362 and 26.
26
What is the highest common divisor of 90058 and 2368?
74
Calculate the greatest common factor of 14580 and 27.
27
What is the highest common divisor of 150347 and 41?
41
Calculate the highest common divisor of 679 and 7.
7
What is the highest common divisor of 893 and 2632?
47
What is the greatest common factor of 899 and 20646?
31
What is the highest common divisor of 6517 and 28?
7
What is the greatest common factor of 319 and 5713?
29
What is the greatest common factor of 91195 and 897?
299
Calculate the greatest common divisor of 138368 and 94.
94
Calculate the greatest common factor of 5584 and 1536.
16
Calculate the greatest common divisor of 66346 and 392.
98
Calculate the greatest common factor of 363 and 275396.
121
What is the highest common factor of 2320 and 16?
16
Calculate the highest common factor of 2296 and 126.
14
Calculate the greatest common factor of 38118 and 12.
6
What is the highest common factor of 8886 and 12?
6
What is the highest common divisor of 63261 and 32967?
891
What is the greatest common factor of 180432 and 448?
112
Calculate the highest common divisor of 160 and 5770.
10
What is the greatest common divisor of 1444 and 354502?
722
Calculate the greatest common factor of 25676 and 252.
28
What is the highest common divisor of 511853 and 51?
17
Calculate the greatest common divisor of 74 and 8251.
37
What is the highest common factor of 49407 and 85026?
1149
What is the greatest common divisor of 54038 and 4?
2
What is the highest common divisor of 156973 and 79?
79
Calculate the highest common factor of 66400 and 20.
20
Calculate the highest common factor of 12304 and 48.
16
Calculate the highest common divisor of 62 and 3123746.
62
What is the greatest common divisor of 1004 and 164405?
251
What is the highest common divisor of 4474014 and 436?
218
Calculate the highest common divisor of 25096 and 136.
8
What is the greatest common divisor of 387 and 447?
3
Calculate the highest common factor of 1385 and 20.
5
Calculate the highest common divisor of 9 and 80979.
3
What is the greatest common divisor of 40050 and 63?
9
What is the highest common divisor of 320 and 828224?
64
What is the greatest common divisor of 9701575 and 325?
325
Calculate the highest common divisor of 29007 and 15.
3
Calculate the highest common factor of 192 and 1704128.
64
Calculate the highest common factor of 268413 and 171.
57
Calculate the greatest common divisor of 34758 and 558.
18
What is the highest common divisor of 564 and 4550164?
188
Calculate the greatest common factor of 392 and 217952.
392
What is the greatest common factor of 4240 and 365?
5
What is the highest common factor of 158 and 114313?
79
Calculate the highest common divisor of 25576 and 874.
46
What is the highest common factor of 48 and 100200?
24
What is the highest common divisor of 6935 and 2473021?
1387
Calculate the greatest common divisor of 171218 and 413.
59
Calculate the highest common divisor of 1921237 and 337.
337
What is the greatest common factor of 33483 and 15?
3
Calculate the highest common divisor of 57117 and 3.
3
Calculate the great